
Suppose -3*l + 0 - 36 = -t, 0 = 4*l + t + 48. Let s be (-8)/l - (-26)/(-3). What are the prime factors of 3/6 - 124/s?
2
Let o(h) = 1 + 9*h - 2*h + 22*h. Let y be o(-2). Let f = y - -104. List the prime factors of f.
47
Let a = 49 + -47. Suppose 5*j + 167 = a*t, 2*t - 174 = -j - j. List the prime factors of t.
2, 43
Let b(l) = -75*l. Let f = 14 + -15. What are the prime factors of b(f)?
3, 5
Let y(j) = -15849*j**2 - j + 2. Let s be y(2). Let d be s/(-198) + (-4)/22. Suppose 3*c - d = -89. List the prime factors of c.
7, 11
Suppose 0 = -2*d - 12*d + 6020. Suppose -276 - d = -5*q + x, 16 = 4*x. What are the prime factors of q?
2, 71
Let u = 71 + -66. Suppose -3*a = 5*i - 194, 0 = -5*a + u*i + 203 + 147. What are the prime factors of a?
2, 17
Let r(n) = -20*n**2 - 5*n - 7. Let x(f) = -41*f**2 - 11*f - 15. Let j(v) = -7*r(v) + 3*x(v). List the prime factors of j(-2).
2, 17
Let w(b) = -4*b - 10. Suppose 9*f = 4*f + 40. Let j be w(f). Let y = 5 - j. List the prime factors of y.
47
Suppose -5*r = 3*z - 47, 2*r - 2 = -z + 16. Suppose -r*s = 48 - 307. What are the prime factors of s?
37
Let p be -1 - 0 - 1/(-1). Suppose -5*h = 3*t - 3*h + 10, p = -3*t - 4*h - 20. Suppose -m + 10 = m, t = j + m - 21. What are the prime factors of j?
2
Let s(k) = 8*k - 25. Let g(z) = 2*z - 6. Let r(n) = 9*g(n) - 2*s(n). Let t(q) = q**3 + 8*q**2 - 13*q - 32. Let c be t(-9). What are the prime factors of r(c)?
2
Let g = 22 - 31. Let c = 9 + g. Suppose -7*s + 3*s - 3*h + 102 = c, 4*s - 4*h - 116 = 0. What are the prime factors of s?
3
Suppose 2*z = -3*b, 4*z + 6*b = b. Suppose 3*r = -c + 6 + 60, -2*c + 3*r + 123 = z. List the prime factors of c.
3, 7
Let v(m) = -m**3 - 2*m**2 - 2*m - 9. Let z be v(-3). Suppose 0 = -5*t + 21 - z, 0 = -4*f + 4*t + 300. What are the prime factors of f?
2, 3, 13
Let z(l) = l**2 - 6*l - 4. Let g be z(7). Suppose g*f = 9, 0*o + o - 5*f = -11. Suppose o*p = 8*p - 76. What are the prime factors of p?
19
Let n = -35 + 41. Let c(b) = 3*b**2 - 6*b - 11. List the prime factors of c(n).
61
List the prime factors of (28/(-35))/((-2)/1130).
2, 113
Let w = -342 - -961. What are the prime factors of w?
619
Let m(z) = 2*z**2 - 11*z - 14. What are the prime factors of m(9)?
7
Suppose -d - 20 = d - 2*a, 4*a - 8 = 0. Let k(c) = -4*c + 10. List the prime factors of k(d).
2, 3, 7
Suppose 3*v - 795 = 2028. What are the prime factors of v?
941
Let v be (-24)/156 + 2/13. Suppose 34 = -v*o - o. Let b = o - -47. What are the prime factors of b?
13
Let n(a) = a**2 + 2*a. Let f = -4 - -12. Let z = 12 - f. List the prime factors of n(z).
2, 3
Suppose -3*r + 11 = -1. Let y be (92/(-5) + r)*15. List the prime factors of (-1)/(-2*(-4)/y).
3
Suppose 0 = -2*q - 65 + 231. Suppose -44 = n - q. What are the prime factors of n?
3, 13
Let w = -360 + 618. What are the prime factors of w?
2, 3, 43
Let s(j) = j. Let t be s(2). Let u be (t - (-4)/(-2)) + 3. Suppose -u*i = -2*i - 5. What are the prime factors of i?
5
Suppose 4*n - 41001 = -r, -48136 = -4*n - 3*r - 7141. What are the prime factors of 2/7 - n/(-63)?
163
Let n be 64/12 - (-5)/(-15). Suppose 5*j = 5*p - 27 - 3, -n*j = 5*p - 70. What are the prime factors of p?
2, 5
Let z(x) = -8*x - 4*x - 5*x - 666 + 665. What are the prime factors of z(-11)?
2, 3, 31
Let c(u) = u**2 + 5*u + 296. List the prime factors of c(27).
2, 5, 29
Let l = 1141 + -135. List the prime factors of l.
2, 503
List the prime factors of 28/(-98) - 6134/(-7).
2, 3, 73
Let t(v) = -2*v - 1. Let z be t(7). Let l be (-25)/z + 2/6. Suppose 10*w - l*w = 200. List the prime factors of w.
5
Let c(k) be the first derivative of 8*k**3 - 2*k**2 + 5*k - 39. List the prime factors of c(2).
3, 31
Suppose 0 = 2*j - 3*a - 512, -4*j = -a - 600 - 414. List the prime factors of (-2)/11 - (-38755)/j.
3, 17
Suppose g = -g + 5*z + 2263, -3*g + 3*z = -3381. What are the prime factors of g?
2, 281
Suppose 3*k = -2*n + 268, -n = k + n - 96. List the prime factors of k.
2, 43
Suppose 2*i + 635 = 3*i - 5*v, 1995 = 3*i + 3*v. Suppose i = 7*c - 2*c. Suppose 5*s - c + 37 = 0. What are the prime factors of s?
19
Suppose 16*b = -4*k + 13*b + 9115, 2*k = b + 4565. What are the prime factors of k?
2281
Let k = -787 + 1624. List the prime factors of k.
3, 31
Suppose -2 = 7*z - 5*z. Let c = 53 + z. What are the prime factors of c?
2, 13
Suppose -276 = -121*y + 125*y. Let b = -64 - y. What are the prime factors of b?
5
Let b be -2*((-22)/(-4) + -1). Let v be 1/(b/12 - -1). Let y(j) = j**2 + 3*j - 4. What are the prime factors of y(v)?
2, 3
Let k be (-3)/(2/16*4). What are the prime factors of (-4)/(-6) - (1178/k - 4)?
3, 67
Suppose 23*x - 157007 + 44836 = 0. What are the prime factors of x?
4877
Suppose -277 + 457 = 5*s. Let r = 43 - s. What are the prime factors of r?
7
Suppose 0 = -25*z + 95779 - 5029. List the prime factors of z.
2, 3, 5, 11
What are the prime factors of (-10)/8 - 1576195/(-620)?
3, 7, 11
Let y(v) = -v**2 - 133*v - 55. What are the prime factors of y(-39)?
23, 157
Let p = -2 - -4. Suppose 0 = n - p. Suppose -n*f = f - 54. What are the prime factors of f?
2, 3
Let i(y) = y**2 + 6. Let t(v) = -v**3 + 10*v**2 - 8*v - 9. Let c be t(9). Let u be i(c). List the prime factors of u/(-4)*200/(-12).
5
Let j = -151 - -86. Let g = j - -109. Let u = 67 - g. What are the prime factors of u?
23
Let z = 1136 + 935. What are the prime factors of z?
19, 109
Suppose 0 = -5*v + k - 207, -k = -5*v + 4*k - 215. Let t = v + 117. What are the prime factors of t?
2, 19
What are the prime factors of 117460/24 + 56/(-48)?
3, 7, 233
Let n be (-6)/(-27) + (-208)/(-36). Let x = -14 + n. Let c = 33 - x. List the prime factors of c.
41
Let y(a) = -75*a - 1. Let d be y(-1). What are the prime factors of 14/(-21) - d/(-3)?
2, 3
Let q = 9362 + -5422. What are the prime factors of q?
2, 5, 197
Let b(k) = 12*k**2 - 63*k - 7. List the prime factors of b(6).
47
Suppose -55290 + 247170 = 40*i. What are the prime factors of i?
3, 13, 41
Suppose 854 = 10*k - 196. What are the prime factors of k?
3, 5, 7
Let p(i) = 8*i**2 - 2*i - 1. Suppose 0*x = -4*x - 4. Let q be -1*(2 + x - 3). List the prime factors of p(q).
3
Let a be (3 - (1 + 5) - -11) + -3. Suppose -2*p + 189 = 5*s, 3*p + 6 = -a*s + 277. What are the prime factors of p?
2, 41
Let s be 4*(9471/484 + 2/11). Suppose 5*l = -c + 217, 0 = -3*l + 5*l + 3*c - s. What are the prime factors of l?
2, 11
Let a(c) = c**2 + c - 2. Let s = 69 + -66. List the prime factors of a(s).
2, 5
Let f be (-9)/(81/(-1410)) - (-1)/3. Suppose -45 = -z + 4*j, 0*j - f = -5*z + 3*j. What are the prime factors of z?
29
Let l(u) = u**3 - 7*u**2 + 5*u - 3. Let o = 13 - 6. Let k be l(o). Let t = k + -12. What are the prime factors of t?
2, 5
Let m(c) = 2*c - 26. Let u be m(15). List the prime factors of u/10 + 7030/50.
3, 47
Let z(t) = t**2 - t + 20. Let k be (-2*26/(-20))/(10/50). What are the prime factors of z(k)?
2, 11
Let d(s) = -s**3 - 17*s**2 + 19*s + 24. Let g be d(-18). List the prime factors of (-2 - -11)/(1/g).
2, 3
Let k = 696 - -182. What are the prime factors of k?
2, 439
Let z(q) = -19*q**3 - 5*q**2 + 3*q + 2. List the prime factors of z(-2).
2
Let g(b) = -b**2 - 32*b + 57. What are the prime factors of g(-22)?
277
Let x = 1459 - -260. List the prime factors of x.
3, 191
Suppose i + 3*b = 6*i - 1253, 3*b - 265 = -i. What are the prime factors of i?
11, 23
Let q(g) = -g + 2. Let d be q(6). Let t be (-30)/20 - (-6)/d. What are the prime factors of 21 + (-12)/t + 0?
5
Let g = -15 + 13. Let l(u) = -u**3 - 2*u**2 + u + 2. Let r be l(g). Suppose -3*w + 116 = o + o, r = -5*o + 5*w + 265. What are the prime factors of o?
5, 11
Let s(w) = -111*w - 32. List the prime factors of s(-3).
7, 43
Let t(m) be the second derivative of 0 - 1/2*m**2 + 2/3*m**3 + 4*m. What are the prime factors of t(4)?
3, 5
Let h = -443 + 287. Let r = h + 263. What are the prime factors of r?
107
Let u(y) = -2*y**2 + 8*y - 7. Let z be u(8). Let a = z - -76. List the prime factors of a.
5
Let o(d) = -d**3. Let h(x) = -6*x**3 - 11*x**2 - 8*x + 12. Let t(u) = -h(u) + 5*o(u). Let w be t(-10). List the prime factors of w/(-10)*(-7 - -2).
2
List the prime factors of 25/((-252)/(-248) + -1).
2, 5, 31
Suppose -5*z - 4*g + 69 = -76, -z + 5*g + 58 = 0. List the prime factors of z.
3, 11
Let t be 12/(-21) - 3858/(-14). 